te the highest common divisor of 7198 and 244.
122
Calculate the greatest common divisor of 41 and 8692.
41
Calculate the highest common divisor of 22365 and 15.
15
What is the highest common factor of 14080 and 528?
176
Calculate the highest common factor of 6764 and 190.
38
What is the greatest common divisor of 86 and 215?
43
Calculate the greatest common divisor of 72 and 1638.
18
Calculate the highest common factor of 3883 and 22.
11
Calculate the greatest common factor of 24 and 15.
3
Calculate the greatest common factor of 180 and 40.
20
Calculate the greatest common divisor of 36 and 171.
9
Calculate the greatest common divisor of 1192 and 16.
8
Calculate the greatest common divisor of 13 and 22217.
13
Calculate the greatest common divisor of 440 and 2520.
40
Calculate the highest common divisor of 1365 and 630.
105
What is the highest common divisor of 92 and 6371?
23
Calculate the highest common divisor of 66 and 35475.
33
What is the greatest common divisor of 452 and 31866?
226
Calculate the highest common factor of 92 and 18.
2
Calculate the greatest common divisor of 3772 and 184.
92
Calculate the highest common factor of 309 and 824.
103
Calculate the greatest common factor of 311 and 1.
1
Calculate the greatest common factor of 42 and 3288.
6
What is the highest common factor of 48 and 156?
12
What is the greatest common factor of 812 and 196?
28
Calculate the greatest common factor of 567 and 231.
21
What is the highest common factor of 8 and 5?
1
Calculate the highest common factor of 33 and 2211.
33
What is the highest common factor of 9 and 266?
1
What is the greatest common divisor of 50135 and 185?
185
Calculate the highest common factor of 45 and 3455.
5
Calculate the highest common factor of 73 and 1.
1
Calculate the greatest common divisor of 1683 and 99.
99
What is the greatest common factor of 99 and 27423?
99
What is the highest common factor of 16 and 40?
8
What is the greatest common factor of 159 and 371?
53
Calculate the highest common divisor of 260 and 4784.
52
Calculate the greatest common divisor of 1472 and 138.
46
What is the greatest common factor of 45 and 780?
15
Calculate the highest common factor of 64 and 96.
32
Calculate the greatest common divisor of 4514 and 148.
74
Calculate the highest common divisor of 371 and 7.
7
Calculate the greatest common divisor of 1349 and 71.
71
Calculate the highest common divisor of 4356 and 72.
36
Calculate the highest common divisor of 9264 and 48.
48
What is the greatest common divisor of 12 and 858?
6
What is the greatest common divisor of 11773 and 61?
61
What is the greatest common factor of 26 and 598?
26
What is the greatest common factor of 60 and 35?
5
Calculate the highest common divisor of 1769 and 61.
61
What is the highest common factor of 980 and 40?
20
Calculate the highest common divisor of 24 and 40.
8
Calculate the greatest common factor of 12 and 10740.
12
What is the highest common factor of 1004 and 4?
4
Calculate the highest common factor of 40 and 115.
5
What is the highest common divisor of 62508 and 24?
12
What is the highest common factor of 559 and 172?
43
What is the greatest common factor of 16 and 9584?
16
What is the greatest common factor of 848 and 16?
16
What is the greatest common divisor of 1391 and 1070?
107
What is the greatest common divisor of 20045 and 95?
95
Calculate the highest common divisor of 5085 and 180.
45
What is the highest common divisor of 60 and 132?
12
What is the highest common factor of 26 and 12454?
26
Calculate the greatest common factor of 53 and 34503.
53
What is the greatest common divisor of 5408 and 160?
32
Calculate the greatest common factor of 7 and 217.
7
Calculate the greatest common factor of 50 and 170.
10
What is the highest common divisor of 20 and 40?
20
Calculate the highest common factor of 9 and 2007.
9
What is the highest common factor of 3440 and 86?
86
Calculate the greatest common divisor of 486 and 15.
3
Calculate the highest common factor of 1295 and 20.
5
What is the greatest common divisor of 2852 and 184?
92
What is the greatest common divisor of 49 and 11?
1
What is the highest common factor of 52 and 234?
26
What is the greatest common divisor of 96 and 14304?
96
Calculate the highest common factor of 18 and 972.
18
Calculate the highest common divisor of 1568 and 49.
49
Calculate the highest common factor of 274 and 685.
137
Calculate the greatest common factor of 197 and 47083.
197
Calculate the greatest common divisor of 440 and 1232.
88
Calculate the highest common factor of 841 and 203.
29
Calculate the greatest common factor of 22 and 6457.
11
Calculate the greatest common factor of 10080 and 24.
24
Calculate the highest common divisor of 240 and 768.
48
What is the greatest common factor of 49 and 441?
49
Calculate the highest common factor of 40 and 25.
5
Calculate the greatest common factor of 9 and 12.
3
Calculate the highest common divisor of 53 and 53.
53
What is the highest common factor of 296 and 222?
74
Calculate the greatest common divisor of 3956 and 12.
4
Calculate the highest common divisor of 344 and 9804.
172
Calculate the highest common divisor of 729 and 27.
27
Calculate the highest common divisor of 68 and 85.
17
Calculate the greatest common divisor of 11983 and 46.
23
What is the highest common factor of 128 and 208?
16
What is the highest common factor of 4284 and 114?
6
Calculate the greatest common divisor of 180 and 2460.
60
What is the greatest common factor of 961 and 31?
31
Calculate the highest common divisor of 2 and 1922.
2
Calculate the greatest common factor of 408 and 18.
6
What is the highest common factor of 3484 and 938?
134
Calculate the greatest common divisor of 170 and 238.
34
What is the greatest common divisor of 22 and 913?
11
Calculate the highest common factor of 2720 and 48.
16
What is the highest common factor of 10 and 1250?
10
Calculate the highest common divisor of 9 and 15.
3
Calculate the highest common factor of 100 and 15625.
25
What is the highest common divisor of 45808 and 409?
409
What is the greatest common divisor of 21 and 87?
3
What is the greatest common divisor of 1159 and 488?
61
What is the highest common factor of 1323 and 27?
27
Calculate the greatest common factor of 155 and 18290.
155
What is the greatest common divisor of 621 and 299?
23
Calculate the highest common divisor of 84 and 24.
12
Calculate the greatest common factor of 99 and 135.
9
What is the greatest common factor of 9176 and 56?
8
Calculate the greatest common divisor of 5 and 10.
5
Calculate the greatest common factor of 336 and 168.
168
What is the greatest common divisor of 625 and 25?
25
What is the highest common divisor of 64 and 304?
16
What is the greatest common divisor of 1820 and 52?
52
What is the highest common factor of 2990 and 4140?
230
What is the highest common factor of 70 and 20?
10
Calculate the greatest common factor of 44 and 320.
4
Calculate the greatest common factor of 3872 and 121.
121
Calculate the greatest common factor of 135 and 54.
27
What is the greatest common factor of 285 and 2451?
57
What is the greatest common factor of 12816 and 144?
144
Calculate the highest common factor of 171 and 9.
9
Calculate the highest common factor of 153 and 119.
17
What is the highest common divisor of 168 and 46?
2
What is the greatest common divisor of 481 and 13?
13
Calculate the highest common divisor of 3 and 183.
3
What is the greatest common divisor of 19044 and 36?
36
What is the highest common factor of 79 and 15089?
79
Calculate the highest common divisor of 56 and 8.
8
Calculate the greatest common factor of 570 and 330.
30
What is the greatest common divisor of 8776 and 8?
8
Calculate the highest common factor of 4116 and 28.
28
Calculate the highest common factor of 190 and 20.
10
What is the highest common divisor of 18802 and 51?
17
Calculate the greatest common divisor of 391 and 17.
17
Calculate the highest common divisor of 450 and 670.
10
What is the highest common divisor of 13 and 1872?
13
What is the highest common factor of 156 and 52?
52
Calculate the highest common divisor of 553 and 7.
7
Calculate the highest common divisor of 8722 and 196.
98
Calculate the greatest common divisor of 117 and